{"id":55,"date":"2022-07-22T14:46:46","date_gmt":"2022-07-22T14:46:46","guid":{"rendered":"https:\/\/petrabach.de\/?page_id=55"},"modified":"2025-09-05T09:49:57","modified_gmt":"2025-09-05T09:49:57","slug":"impressum","status":"publish","type":"page","link":"https:\/\/petrabach.de\/?page_id=55","title":{"rendered":"Impressum"},"content":{"rendered":"\r\n<h2 class=\"wp-block-heading\"><strong>Angaben gem\u00e4\u00df \u00a7 5 TMG<br \/><br \/><\/strong><\/h2>\r\n\r\n\r\n\r\n<h4><strong>Petra Bach<\/strong><br \/><strong>c\/o IP-Management #6886<\/strong><br \/><strong>Ludwig-Erhard-Str. 18<\/strong><br \/><strong>20459 Hamburg<\/strong><\/h4>\r\n\r\n\r\n\r\n<h4 class=\"wp-block-heading\"><strong>Kontakt<br \/><\/strong>E-Mail: mail@petrabach.de<\/h4>\r\n\r\n\r\n\r\n\r\n\r\n<p class=\"wp-block-paragraph\"><strong>Haftung f\u00fcr Inhalte<br \/><\/strong>Als Diensteanbieter sind wir gem\u00e4\u00df \u00a7 7 Abs.1 TMG f\u00fcr eigene Inhalte auf diesen Seiten nach den allgemeinen Gesetzen verantwortlich. Nach \u00a7\u00a7 8 bis 10 TMG sind wir als Diensteanbieter jedoch nicht verpflichtet, \u00fcbermittelte oder gespeicherte fremde Informationen zu \u00fcberwachen oder nach Umst\u00e4nden zu forschen, die auf eine rechtswidrige T\u00e4tigkeit hinweisen.<\/p>\r\n\r\n\r\n\r\n<p class=\"wp-block-paragraph\">Verpflichtungen zur Entfernung oder Sperrung der Nutzung von Informationen nach den allgemeinen Gesetzen bleiben hiervon unber\u00fchrt. Eine diesbez\u00fcgliche Haftung ist jedoch erst ab dem Zeitpunkt der Kenntnis einer konkreten Rechtsverletzung m\u00f6glich. Bei Bekanntwerden von entsprechenden Rechtsverletzungen werden wir diese Inhalte umgehend entfernen.<\/p>\r\n\r\n\r\n\r\n<p class=\"wp-block-paragraph\"><strong>Haftung f\u00fcr Links<br \/><\/strong>Unser Angebot enth\u00e4lt Links zu externen Websites Dritter, auf deren Inhalte wir keinen Einfluss haben. Deshalb k\u00f6nnen wir f\u00fcr diese fremden Inhalte auch keine Gew\u00e4hr \u00fcbernehmen. F\u00fcr die Inhalte der verlinkten Seiten ist stets der jeweilige Anbieter oder Betreiber der Seiten verantwortlich. Die verlinkten Seiten wurden zum Zeitpunkt der Verlinkung auf m\u00f6gliche Rechtsverst\u00f6\u00dfe \u00fcberpr\u00fcft. Rechtswidrige Inhalte waren zum Zeitpunkt der Verlinkung nicht erkennbar.<\/p>\r\n\r\n\r\n\r\n<p class=\"wp-block-paragraph\">Eine permanente inhaltliche Kontrolle der verlinkten Seiten ist jedoch ohne konkrete Anhaltspunkte einer Rechtsverletzung nicht zumutbar. Bei Bekanntwerden von Rechtsverletzungen werden wir derartige Links umgehend entfernen.<\/p>\r\n\r\n\r\n\r\n<p class=\"wp-block-paragraph\"><strong>Urheberrecht<br \/><\/strong>Die durch die Seitenbetreiber erstellten Inhalte und Werke auf diesen Seiten unterliegen dem deutschen Urheberrecht. Die Vervielf\u00e4ltigung, Bearbeitung, Verbreitung und jede Art der Verwertung au\u00dferhalb der Grenzen des Urheberrechtes bed\u00fcrfen der schriftlichen Zustimmung des jeweiligen Autors bzw. Erstellers. Downloads und Kopien dieser Seite sind nur f\u00fcr den privaten, nicht kommerziellen Gebrauch gestattet.<\/p>\r\n\r\n\r\n\r\n<p class=\"wp-block-paragraph\">Soweit die Inhalte auf dieser Seite nicht vom Betreiber erstellt wurden, werden die Urheberrechte Dritter beachtet. Insbesondere werden Inhalte Dritter als solche gekennzeichnet. Sollten Sie trotzdem auf eine Urheberrechtsverletzung aufmerksam werden, bitten wir um einen entsprechenden Hinweis. Bei Bekanntwerden von Rechtsverletzungen werden wir derartige Inhalte umgehend entfernen.<\/p>\r\n\r\n\r\n\r\n<p class=\"wp-block-paragraph\"><strong>\u00a9 Fotonachweise \/ Photo Credits<br \/><\/strong>\u2026. Titelbild: AdobeStock \/_ 732300096 oder \/_ 332423412\u00a0<br \/>\u00a0 \u00a0 \u00a0 oder im Wechsel mit \u00a0\/_50128920 \u00a0\/_103548252<br \/>\u2026 Allianzen zwischen \u2026 : AdobeStock: \/_ 827682724\u00a0<br \/>\u2026 Ausstellungs- und Projektbegleitung: AdobeStock_68670942\u00a0<br \/>\u2026 Kunstpause | AdobeStock \/_308319667<br \/>\u2026 Wirtschaftsforum: AdobeStock \/_762502684<br \/>\u2026 Kunstpreis Wasser: AdobeStock \/_698674008<br \/>\u2026 Texte und Co, AdobeStock \/_317601158<br \/>\u2026 Galerie Kids: AdobeStock \/_695724995<br \/>\u2026 Kunst im B\u00fcro: AdobeStock \/_158434049<br \/>\u2026 Galeriesafari:AdobeStock \/_924491154 2<br \/>\u2026 weitere Fotos: Pascal Bruns, Petra Bach<\/p>\r\n<p>\u2026 Vortrag Frauenpower: <br \/>AdobeStock_615608951 | _574775979.ai | _108700101 |_2344449721 | _7317639<br \/><br \/><strong>\u00a9 Texte:<\/strong> <br \/>Petra Bach<\/p>\r\n","protected":false},"excerpt":{"rendered":"<p>Angaben gem\u00e4\u00df \u00a7 5 TMG Petra Bachc\/o IP-Management #6886Ludwig-Erhard-Str. 1820459 Hamburg KontaktE-Mail: mail@petrabach.de Haftung f\u00fcr InhalteAls Diensteanbieter sind wir gem\u00e4\u00df \u00a7 7 Abs.1 TMG f\u00fcr eigene Inhalte auf diesen Seiten&hellip; <a class=\"excerpt-more-link\" href=\"https:\/\/petrabach.de\/?page_id=55\">Weiterlesen<\/a><\/p>\n","protected":false},"author":1,"featured_media":0,"parent":0,"menu_order":0,"comment_status":"closed","ping_status":"closed","template":"","meta":{"_crdt_document":"","footnotes":""},"class_list":["post-55","page","type-page","status-publish","hentry"],"jetpack_sharing_enabled":true,"_links":{"self":[{"href":"https:\/\/petrabach.de\/index.php?rest_route=\/wp\/v2\/pages\/55","targetHints":{"allow":["GET"]}}],"collection":[{"href":"https:\/\/petrabach.de\/index.php?rest_route=\/wp\/v2\/pages"}],"about":[{"href":"https:\/\/petrabach.de\/index.php?rest_route=\/wp\/v2\/types\/page"}],"author":[{"embeddable":true,"href":"https:\/\/petrabach.de\/index.php?rest_route=\/wp\/v2\/users\/1"}],"replies":[{"embeddable":true,"href":"https:\/\/petrabach.de\/index.php?rest_route=%2Fwp%2Fv2%2Fcomments&post=55"}],"version-history":[{"count":28,"href":"https:\/\/petrabach.de\/index.php?rest_route=\/wp\/v2\/pages\/55\/revisions"}],"predecessor-version":[{"id":676,"href":"https:\/\/petrabach.de\/index.php?rest_route=\/wp\/v2\/pages\/55\/revisions\/676"}],"wp:attachment":[{"href":"https:\/\/petrabach.de\/index.php?rest_route=%2Fwp%2Fv2%2Fmedia&parent=55"}],"curies":[{"name":"wp","href":"https:\/\/api.w.org\/{rel}","templated":true}]}}

<h2 class="wp-block-heading"><strong>Angaben gemäß § 5 TMG<br /><br /></strong></h2>



<h4><strong>Petra Bach</strong><br /><strong>c/o IP-Management #6886</strong><br /><strong>Ludwig-Erhard-Str. 18</strong><br /><strong>20459 Hamburg</strong></h4>



<h4 class="wp-block-heading"><strong>Kontakt<br /></strong>E-Mail: mail@petrabach.de</h4>





<p class="wp-block-paragraph"><strong>Haftung für Inhalte<br /></strong>Als Diensteanbieter sind wir gemäß § 7 Abs.1 TMG für eigene Inhalte auf diesen Seiten nach den allgemeinen Gesetzen verantwortlich. Nach §§ 8 bis 10 TMG sind wir als Diensteanbieter jedoch nicht verpflichtet, übermittelte oder gespeicherte fremde Informationen zu überwachen oder nach Umständen zu forschen, die auf eine rechtswidrige Tätigkeit hinweisen.</p>



<p class="wp-block-paragraph">Verpflichtungen zur Entfernung oder Sperrung der Nutzung von Informationen nach den allgemeinen Gesetzen bleiben hiervon unberührt. Eine diesbezügliche Haftung ist jedoch erst ab dem Zeitpunkt der Kenntnis einer konkreten Rechtsverletzung möglich. Bei Bekanntwerden von entsprechenden Rechtsverletzungen werden wir diese Inhalte umgehend entfernen.</p>



<p class="wp-block-paragraph"><strong>Haftung für Links<br /></strong>Unser Angebot enthält Links zu externen Websites Dritter, auf deren Inhalte wir keinen Einfluss haben. Deshalb können wir für diese fremden Inhalte auch keine Gewähr übernehmen. Für die Inhalte der verlinkten Seiten ist stets der jeweilige Anbieter oder Betreiber der Seiten verantwortlich. Die verlinkten Seiten wurden zum Zeitpunkt der Verlinkung auf mögliche Rechtsverstöße überprüft. Rechtswidrige Inhalte waren zum Zeitpunkt der Verlinkung nicht erkennbar.</p>



<p class="wp-block-paragraph">Eine permanente inhaltliche Kontrolle der verlinkten Seiten ist jedoch ohne konkrete Anhaltspunkte einer Rechtsverletzung nicht zumutbar. Bei Bekanntwerden von Rechtsverletzungen werden wir derartige Links umgehend entfernen.</p>



<p class="wp-block-paragraph"><strong>Urheberrecht<br /></strong>Die durch die Seitenbetreiber erstellten Inhalte und Werke auf diesen Seiten unterliegen dem deutschen Urheberrecht. Die Vervielfältigung, Bearbeitung, Verbreitung und jede Art der Verwertung außerhalb der Grenzen des Urheberrechtes bedürfen der schriftlichen Zustimmung des jeweiligen Autors bzw. Erstellers. Downloads und Kopien dieser Seite sind nur für den privaten, nicht kommerziellen Gebrauch gestattet.</p>



<p class="wp-block-paragraph">Soweit die Inhalte auf dieser Seite nicht vom Betreiber erstellt wurden, werden die Urheberrechte Dritter beachtet. Insbesondere werden Inhalte Dritter als solche gekennzeichnet. Sollten Sie trotzdem auf eine Urheberrechtsverletzung aufmerksam werden, bitten wir um einen entsprechenden Hinweis. Bei Bekanntwerden von Rechtsverletzungen werden wir derartige Inhalte umgehend entfernen.</p>



<p class="wp-block-paragraph"><strong>© Fotonachweise / Photo Credits<br /></strong>…. Titelbild: AdobeStock /_ 732300096 oder /_ 332423412 <br />      oder im Wechsel mit  /_50128920  /_103548252<br />… Allianzen zwischen … : AdobeStock: /_ 827682724 <br />… Ausstellungs- und Projektbegleitung: AdobeStock_68670942 <br />… Kunstpause | AdobeStock /_308319667<br />… Wirtschaftsforum: AdobeStock /_762502684<br />… Kunstpreis Wasser: AdobeStock /_698674008<br />… Texte und Co, AdobeStock /_317601158<br />… Galerie Kids: AdobeStock /_695724995<br />… Kunst im Büro: AdobeStock /_158434049<br />… Galeriesafari:AdobeStock /_924491154 2<br />… weitere Fotos: Pascal Bruns, Petra Bach</p>
<p>… Vortrag Frauenpower: <br />AdobeStock_615608951 | _574775979.ai | _108700101 |_2344449721 | _7317639<br /><br /><strong>© Texte:</strong> <br />Petra Bach</p>

<p>Angaben gemäß § 5 TMG Petra Bachc/o IP-Management #6886Ludwig-Erhard-Str. 1820459 Hamburg KontaktE-Mail: mail@petrabach.de Haftung für InhalteAls Diensteanbieter sind wir gemäß § 7 Abs.1 TMG für eigene Inhalte auf diesen Seiten&hellip; <a class="excerpt-more-link" href="https://petrabach.de/?page_id=55">Weiterlesen</a></p>
